 of 16769630?
6
What is the units digit of 257568519?
9
What is the hundreds digit of 147367294?
2
What is the hundred millions digit of 7799483269?
7
What is the hundreds digit of 3859117432?
4
What is the ten thousands digit of 601116712?
1
What is the thousands digit of 6413860846?
0
What is the millions digit of 819195360?
9
What is the tens digit of 1068526253?
5
What is the thousands digit of 16663649?
3
What is the units digit of 213843748?
8
What is the hundred thousands digit of 35497422?
4
What is the hundreds digit of 69640615?
6
What is the hundred thousands digit of 2684571584?
5
What is the hundred thousands digit of 526523945?
5
What is the hundred thousands digit of 4919610212?
6
What is the ten millions digit of 184682749?
8
What is the millions digit of 621349141?
1
What is the hundred millions digit of 740419484?
7
What is the units digit of 45625258?
8
What is the ten millions digit of 792253132?
9
What is the ten millions digit of 381845731?
8
What is the hundred thousands digit of 155255203?
2
What is the ten thousands digit of 1631185828?
8
What is the ten millions digit of 105307511?
0
What is the millions digit of 42687849?
2
What is the units digit of 2144419107?
7
What is the thousands digit of 5394262?
4
What is the units digit of 517303713?
3
What is the units digit of 2716852353?
3
What is the units digit of 2128219139?
9
What is the tens digit of 197863635?
3
What is the ten millions digit of 99144298?
9
What is the hundred thousands digit of 129033029?
0
What is the ten thousands digit of 252189178?
8
What is the ten thousands digit of 852267392?
6
What is the hundred millions digit of 3144398391?
1
What is the hundred thousands digit of 40711275?
7
What is the ten thousands digit of 153556768?
5
What is the units digit of 6982832126?
6
What is the ten thousands digit of 1077005464?
0
What is the hundreds digit of 21615216?
2
What is the units digit of 1177573017?
7
What is the units digit of 48179336?
6
What is the thousands digit of 115235500?
5
What is the thousands digit of 192262641?
2
What is the thousands digit of 1076693578?
3
What is the hundreds digit of 358174615?
6
What is the thousands digit of 34557439?
7
What is the thousands digit of 4408869072?
9
What is the hundred thousands digit of 244584647?
5
What is the hundred thousands digit of 16552000?
5
What is the millions digit of 309388214?
9
What is the hundreds digit of 52849733?
7
What is the hundreds digit of 3704444169?
1
What is the ten millions digit of 1320431045?
2
What is the units digit of 1202286523?
3
What is the units digit of 889938738?
8
What is the thousands digit of 42729090?
9
What is the thousands digit of 932003737?
3
What is the hundred thousands digit of 94170248?
1
What is the units digit of 8368185381?
1
What is the thousands digit of 43592558?
2
What is the hundreds digit of 355608369?
3
What is the millions digit of 2685951213?
5
What is the millions digit of 94903877?
4
What is the hundreds digit of 799703?
7
What is the hundred millions digit of 2077481947?
0
What is the hundred thousands digit of 47430742?
4
What is the thousands digit of 233997878?
7
What is the ten thousands digit of 1567863688?
6
What is the hundred thousands digit of 3619285139?
2
What is the ten millions digit of 29129173?
2
What is the units digit of 1847095457?
7
What is the billions digit of 3778027687?
3
What is the millions digit of 16111928?
6
What is the tens digit of 108099938?
3
What is the tens digit of 142293698?
9
What is the tens digit of 122003091?
9
What is the tens digit of 603885197?
9
What is the hundred thousands digit of 1096312295?
3
What is the ten thousands digit of 30571016?
7
What is the hundred millions digit of 601019312?
6
What is the units digit of 50991903?
3
What is the tens digit of 1497641279?
7
What is the tens digit of 1830611?
1
What is the millions digit of 79348991?
9
What is the hundred thousands digit of 1398503226?
5
What is the tens digit of 650631350?
5
What is the tens digit of 412095708?
0
What is the hundred thousands digit of 191005277?
0
What is the hundreds digit of 699883525?
5
What is the millions digit of 9601520?
9
What is the hundred thousands digit of 386792863?
7
What is the millions digit of 846415561?
6
What is the hundred thousands digit of 5880428940?
4
What is the hundred millions digit of 453620750?
4
What is the ten thousands digit of 123465039?
6
What is the ten thousands digit of 106711767?
1
What is the thousands digit of 17226528?
6
What is the hundred thousands digit of 603545771?
5
What is the hundreds digit of 496343768?
7
What is the ten millions digit of 5705160823?
0
What is the hundred thousands digit of 160123324?
1
What is the hundred thousands digit of 599766890?
7
What is the thousands digit of 1304620392?
0
What is the ten thousands digit of 1638897096?
9
What is the units digit of 1007787615?
5
What is the hundred thousands digit of 4594374012?
3
What is the hundreds digit of 31078674?
6
What is the billions digit of 1694387405?
1
What is the thousands digit of 868036063?
6
What is the billions digit of 3531972355?
3
What is the hundreds digit of 77515438?
4
What is the thousands digit of 427554766?
4
What is the ten millions digit of 72969274?
7
What is the units digit of 148975040?
0
What is the hundred millions digit of 251201501?
2
What is the hundred thousands digit of 94489993?
4
What is the hundred millions digit of 679331735?
6
What is the units digit of 94823413?
3
What is the units digit of 835597454?
4
What is the units digit of 23181411?
1
What is the hundred thousands digit of 2716259150?
2
What is the ten thousands digit of 266467288?
6
What is the thousands digit of 329529518?
9
What is the ten millions digit of 890302413?
9
What is the ten thousands digit of 83251566?
5
What is the units digit of 7082362259?
9
What is the units digit of 3134846968?
8
What is the hundred thousands digit of 14863418?
8
What is the hundred thousands digit of 903217573?
2
What is the tens digit of 916136097?
9
What is the ten thousands digit of 327550963?
5
What is the hundred millions digit of 189843106?
1
What is the hundred thousands digit of 3513652928?
6
What is the tens digit of 119779282?
8
What is the hundred thousands digit of 56746295?
7
What is the hundred thousands digit of 240108495?
1
What is the hundred thousands digit of 1240606355?
6
What is the thousands digit of 301388954?
8
What is the hundred thousands digit of 13548587?
5
What is the hundred thousands digit of 88256944?
2
What is the ten millions digit of 4571848128?
7
What is the hundred millions digit of 611336041?
6
What is the hundred millions digit of 887289818?
8
What is the tens digit of 3719185140?
4
What is the thousands digit of 56717915?
7
What is the ten thousands digit of 239820589?
2
What is the hundreds digit of 4168971?
9
What is the ten millions digit of 42560431?
4
What is the hundred millions digit of 2023187081?
0
What is the hundreds digit of 139614253?
2
What is the ten thousands digit of 312033592?
3
What is the millions digit of 5841132107?
1
What is the tens digit of 156281000?
0
What is the tens digit of 106857410?
1
What is the hundred thousands digit of 40260341?
2
What is the units digit of 620456715?
5
What is the hundred thousands digit of 174444723?
4
What is the tens digit of 659179555?
5
What is the billions digit of 2555339126?
2
What is the tens digit of 79280131?
3
What is the tens digit of 862153947?
4
What is the units digit of 66495318?
8
What is the ten millions digit of 328145059?
2
What is the units digit of 460154141?
1
What is the ten thousands digit of 42922729?
2
What is the hundred thousands digit of 3204409247?
4
What is the thousands digit of 109620431?
0
What is the thousands digit of 290008604?
8
What is the millions digit of 6171998382?
1
What is the hundreds digit of 57726852?
8
What is the tens digit of 181618686?
8
What is the thousands digit of 143924493?
4
What is the units digit of 1445840600?
0
What is the hundred millions digit of 928366505?
9
What is the thousands digit of 26330269?
0
What is the hundred thousands digit of 223736156?
7
What is the billions digit of 6604263211?
6
What is the hundred thousands digit of 50769004?
7
What is